Suppose -2*s = 5*h, -h = -0*h + 5*s. Let g be (h + 0)/(-1)*-1. Suppose g = y + 10 - 16. Give u(y).
-9
Let c(p) = -11*p**2 - 6*p - 7. Let m(n) = 39*n**2 + 19*n + 23. Let w(j) = 7*c(j) + 2*m(j). Calculate w(-5).
42
Let s(r) = -2*r**2 - 13*r + 22. Let p be s(2). Let v = -10 - p. Let a(u) be the second derivative of u**5/20 + u**4/6 - u**3/3 - u**2 + 6*u. What is a(v)?
10
Let j(m) = 2 - 2*m**2 + 4*m**2 - m**2 - 3*m. Let i be 2/(2 + 54/(-24)). Let b(r) = -r**3 - 8*r**2 - 2*r - 13. Let u be b(i). Determine j(u).
2
Let l(a) = 5*a**3 + a - 1. Let n(q) = q**2 - 6*q + 8. Let h be (-18)/(-5) - 10/(-25). Let z be n(h). Let g be (-6)/(-6) - 3/9*z. Determine l(g).
5
Let m(r) = -r**3 + 7*r**2 - 10*r + 6. Let w(k) be the first derivative of 1/3*k**3 - 6*k**2 - 7*k - 17. Let s be w(13). Calculate m(s).
-18
Let i(g) = 15*g - 5328 + 4*g - 6*g**2 + 0*g - g**3 + 5333. What is i(-8)?
-19
Let h(z) = 161*z - 486*z + 160*z + 3 + 22*z**2 + 162*z - 25*z**2. Let p = 0 - 0. Suppose p = 3*s - 3 - 3. Determine h(s).
-15
Let g(w) = -1900*w**2 - 6*w - 2*w**3 + 2*w**3 - w**3 + 3*w + 1905*w**2 - 5. Let v(c) = -8*c**2 + 2*c**3 - c**3 - c**2 - 13 + 2*c. Let j be v(9). Determine g(j).
-20
Suppose k - 5*y + 8 = 0, -6*k - 11 = -8*k + y. Let j(l) = 4*l**3 - 9*l**2 - 5*l. Let s(u) = -7*u**3 + 17*u**2 + 11*u. Let d(f) = 5*j(f) + 3*s(f). What is d(k)?
7
Let f(t) = -2*t + 3*t + 0*t + 6*t**2 - 3*t**2 - 4*t + t**3. Let i be (-45)/12 + 2/(-8). What is f(i)?
-4
Let d(b) = 226 - 411594*b + 411594*b + b**2 - 218. Let h be (-1 + 6)/(2 - 1). Suppose 5*l + h = -0*f + 4*f, 4*l + 4 = 0. Determine d(f).
8
Let y = 2062 - 2059. Let q = 12 - 8. Let o(j) = -2*j + y*j + q*j + j**2 + 2. Give o(-5).
2
Let p(o) = 32*o + 355. Let s be p(-11). Let l(v) = v**3 - 5*v**2 - 22*v + 8. Let t(c) = -c**3 + 4*c**2 + 17*c - 7. Let r(i) = s*l(i) + 4*t(i). Determine r(3).
-16
Let x(u) = u**3 + 11*u**2 + 22*u - 11. Suppose -i + 20 = -4*l, -5*i - 53 = 3*l + 8. Determine x(i).
5
Let k(z) = -106*z**2 + 43*z. Let q(r) = -19*r**2 - r - 2. Let f(x) = k(x) - 6*q(x). What is f(-6)?
6
Suppose -4 = 4*w, 0*u + 92 = 5*u - 2*w. Suppose 23*j - 20*j - u = 0. Let p(q) = -q + 5. Determine p(j).
-1
Suppose 194*n + 3422 = 124. Let g(v) = -v**3 - 20*v**2 - 50*v + 24. Determine g(n).
7
Suppose 4*q + 196 = -4*f, -5*q - 148 = 3*f - 7. Let x = 139 + f. Let j(u) = x*u - 44*u - 45*u. Calculate j(-1).
2
Let k(w) = -6*w + 5. Let q(l) = -4*l + 3. Let o(j) = 5*k(j) - 7*q(j). Let i = -18 + 322. Let a be (-6)/(-16) + (-2546)/i. Give o(a).
20
Let a(n) = -n - 9. Suppose -2*w = -31 + 35. Let k be (-19 - -5) + (5 - w). Calculate a(k).
-2
Let k(m) = m**3 - 9*m**2 + 17*m - 16. Suppose 39*z = 47*z - 56. Let h be k(z). Let p(s) = s**2 - 2*s - 2. What is p(h)?
13
Let c(i) = 238*i**3 + 7 - i + 2 - 471*i**3 + 232*i**3 + 0*i - 5*i**2. Calculate c(-7).
114
Let p(b) be the third derivative of -b**5/60 - 5*b**4/12 - b**3 + 3*b**2 + 4*b. Calculate p(-5).
19
Let d(g) = 48*g + 6*g + 1 + 29*g**2 - 47*g - 24*g**2. Calculate d(-3).
25
Let k be (-15)/6*636/(-265). Let y(g) = -2*g**3 + 12*g**2 - 3*g - 8. What is y(k)?
-26
Let v(x) be the second derivative of -x**5/10 + x**3/3 + 3*x**2/2 + 4593*x. Give v(-3).
51
Suppose 12*m - 20*m = 5*m - 39. Let r(u) = -22*u + 3. Calculate r(m).
-63
Let n(q) = -24 + q**2 - 33 + 64 - 19*q + 14*q. Let i = 61 - 58. Give n(i).
1
Let m(t) = t**3 - 6*t**2 + t - 6. Suppose 1280 = 5*y - y. Suppose 0*p - 2*p = y. Let d be p/(-26) + 18/(-117). What is m(d)?
0
Let l be (-2 - -8) + (7 - 8). Let v(x) = 2*x**3 + 2*x**2 + 4*x - 6. Let b(p) = 3*p**3 + p**2 + 5*p - 6. Let c(u) = 3*b(u) - 4*v(u). Determine c(l).
1
Suppose 284*s + 64 = 268*s. Let i(a) be the first derivative of -a**3/6 + 4*a + 4. Let t(r) be the first derivative of i(r). What is t(s)?
4
Suppose -2*k - 2*k - 60 = 0. Let r be 4/((-4)/(k - 1)). Let d = r - 9. Let u(f) = f**3 - 7*f**2 - 1. Calculate u(d).
-1
Let c(l) = -4*l - 5. Suppose 20*y - 97 + 37 = 0. Let k be (33 - 36)*y*2/9. Determine c(k).
3
Suppose 86 - 36 = 25*p. Let b(y) = 3*y**3 - 66*y**2 - p + 4*y + 68*y**2 - 4*y**3. What is b(4)?
-18
Let f(v) = 1 - v + 0*v - v. Let z(k) = -2*k**2 - 53*k + 784. Let l be z(-37). Determine f(l).
-13
Let t be (16/(-24))/1 + (-16)/(-6). Let f(i) = 30*i + 3 - t + 8 + 5 - 29*i. Calculate f(-15).
-1
Let o(z) = z**3 + 13*z**2 + 5*z - 3. Let p = 177 - 176. Let h(r) = r**2 - r. Let y(l) = p*o(l) - 3*h(l). Give y(-9).
6
Let j(v) = -v**3 + v**2 - v - 1. Let f(b) = 4*b**3 - 6*b**2 + 6*b + 6. Suppose 11*x + x + 840 = 0. Let l = -71 - x. Let z(i) = l*f(i) - 5*j(i). What is z(2)?
9
Let s(a) be the second derivative of -a**5/20 - 7*a**4/12 + a**3/6 - 4*a**2 + a. Suppose -2*h + 30 = -3*u - 5*h, 3*u + 33 = -4*h. Determine s(u).
-15
Suppose -11*s + 30 = -10*s. Let v be (-3 - 78/s) + 6/10. Let t(b) = 5 - 2 + 2*b + 2. Determine t(v).
-5
Let b(r) = 16*r**3 + 17*r**2 - 11*r + 48. Let g(p) = -3*p**3 - 5*p**2 + p. Let o(u) = b(u) + 5*g(u). What is o(8)?
0
Let b be 4*4/((-48)/9). Let p be 0 - (b/(-4) + 3/(-4)). Suppose p = -3*u - 12, 4*y = -5*u - 3 - 33. Let d(c) = 3*c + 4. Determine d(y).
-8
Let j(f) = -f**2 - 3*f. Let r = -268 + 273. Let s be ((-4)/((-80)/(-12)))/(1/r). Calculate j(s).
0
Let y(o) = 2*o - 6. Let w be y(6). Let b(s) = 6*s - 33. Let j be b(10). Let p(m) = 4*m - 5*m + 18 - 50 + j. Give p(w).
-11
Suppose 552 - 502 = -10*y. Let f(b) = 1. Let w(v) = -v**2 - 5*v - 2. Let t be w(-4). Let g(d) = -3*d - 3. Let u(r) = t*f(r) + g(r). Calculate u(y).
14
Let u(k) be the third derivative of k**5/60 - 2*k**4/3 + 15*k**3/2 - 1132*k**2. What is u(11)?
-10
Suppose -2*i - 3*s - 37 = 0, 98*i + s = 103*i + 50. Let g(w) = 27*w + 298. Determine g(i).
1
Let r(k) be the second derivative of 11*k**3/6 + 29*k**2/2 - k - 688. Give r(-3).
-4
Let y be ((-42)/98)/((-1)/7). Let i(w) = w**y + 9 - 4*w**2 + 46*w - 2*w**3 - 38*w. Give i(-5).
-6
Let s(z) = -z**3 + 4*z**2 + 3*z - 2. Suppose 2 = -3*v + v, 2*h = 2*v + 4. Let x be 4 - h/((9 - 5) + -5). Calculate s(x).
-12
Let j(s) be the third derivative of s**5/15 - s**4/12 - 29*s**3/6 + 2*s**2 - 74*s - 4. Calculate j(6).
103
Suppose 0 + 3 = 3*v. Let p(h) = 2*h**2 - 13057 - 13058 - 13053 + 39169. Determine p(v).
3
Let s(r) = -r**2 + 2*r - 3. Suppose -3*f = -2*n + 399, 5*f + 660 = -0*f + 5*n. Let x = f - -140. Determine s(x).
-18
Let n(r) = -r**3 - 4*r**2 - 2*r + 7. Let y be ((-261)/(-232))/(6/(-8))*2. Determine n(y).
4
Let b(f) be the first derivative of f**2/2 + 6*f + 1. Suppose -27*j - 107 - 175 = 20*j. Calculate b(j).
0
Let w(k) = -18*k**2 + k. Let i = -28 + -287. Let s = i - -314. Determine w(s).
-19
Let r(l) = 45*l - 96. Let i be r(2). Let t(q) be the third derivative of -q**5/30 - 5*q**4/8 - q**3 - q**2 + 4*q. Calculate t(i).
12
Suppose 4*z = 2*z + 4*s + 54, 31 = z - s. Suppose 46*a + z = 39*a. Let t(y) = -8*y. What is t(a)?
40
Let u(q) = 314044 - 314044 + 15*q. Calculate u(4).
60
Let b = 65 + -59. Suppose -3*i = -6*i + b. Let u(r) = 5*r**i - 2*r - 5*r**2 + 5 - r**2. Give u(4).
-19
Suppose -28 = 20*l - 34*l. Suppose 6*h - l*h - 3*k = 28, 3*h - k - 16 = 0. Let n(m) = -3*m**2 + 3*m - 5. Determine n(h).
-41
Let p(a) = 3*a**3 + 3*a**2 - 2*a + 2. Let k = -2269 + 2267. What is p(k)?
-6
Let j(y) = 19*y**2 - 6*y + 3. Suppose 271*i - 269*i = -3*z + 19, 12 = i + 2*z. What is j(i)?
67
Let k(l) = -3*l - 2. Suppose 38*m = 86 - 86. Determine k(m).
-2
Let y = 4 - 3. Let p(w) be the third derivative of 1/120*w**6 + 16*w**2 - 1/6*w**3 + 1/60*w**5 + 0 + 0*w**4 + 2*w. Give p(y).
1
Let b(c) = 4*c - 41. Let v(s) = 9*s - 33. Let i(o) = 3*b(o) - 2*v(o). What is i(-11)?
9
Suppose 3*k + 2*t = -41 + 44, t + 2 = -5*k. Let p(a) = 15*a**3 + 2*a**2 + 4*a + 3. Let f be p(k). Let i(r) = -r - 13. Determine i(f).
1
Let b(s) = -7*s + 5. Let m = -111 - -257. Let p = -141 + m. Calculate b(p).
-30
Let b(r) = r - 4. Let k be b(6). Let h(f) = f - k*f + 0*f - 1 - 8. Let q = 875 - 885. Give h(q).
1
Suppose -3*b - 4*h - 25 = -2*b, -h = 3*b + 20. Let x be 9/b + 3*2/(-30). Let t(s) = -2*s - 3. Give t(x).
1
Suppose -4*k + 2*k = -m - 4, -5*m = -2*k - 12. Suppose -34 + 18 = m*o. Let g(z) = 1 + 2 - 4*z - 6 + 0. What is g(o)?
13
Let x(a) = -a**3 - 7*a**2 - a - 3. Let g(w) = -2*w**2 - 41*w - 5. Let h be g(0). Calculate x(h).
-48
Suppose -11*p + 72 = -8*p. Let d(u) = 14*u + 13*u**2 - 3 + 34*u**3 + p*u**3 - 59*u**3. Give d(14).
-3
Let g(o) b